{"id":1416,"date":"2021-12-11T12:43:11","date_gmt":"2021-12-11T12:43:11","guid":{"rendered":"https:\/\/nytt.hvest.is\/?page_id=1416"},"modified":"2025-11-10T11:35:14","modified_gmt":"2025-11-10T11:35:14","slug":"faerni-og-heilsumatsnefnd-vestfjarda","status":"publish","type":"page","link":"https:\/\/hvest.is\/pl\/faerni-og-heilsumatsnefnd-vestfjarda\/","title":{"rendered":"Komitet ds. Oceny Umiej\u0119tno\u015bci i Zdrowia Vestfj\u00f6r\u00f0ur"},"content":{"rendered":"<p>Ocena umiej\u0119tno\u015bci i stanu zdrowia to profesjonalna i indywidualna ocena potrzeb os\u00f3b do sta\u0142ego pobytu w domach opieki i domach pomocy spo\u0142ecznej. Ocena jest standaryzowana wraz z okre\u015blonymi informacjami ze s\u0142u\u017cby zdrowia i opieki spo\u0142ecznej oraz z regionalnego urz\u0119du ds. os\u00f3b niepe\u0142nosprawnych, a tak\u017ce odpowiednio z za\u015bwiadczeniami lekarskimi od lekarza. Ocen\u0119 umiej\u0119tno\u015bci i stanu zdrowia przeprowadza si\u0119 r\u00f3wnie\u017c w przypadku czasowego pobytu wypoczynkowego w domu pomocy spo\u0142ecznej. <\/p>\n\n\n\n<p>Przyj\u0119cia na wypoczynek i rehabilitacj\u0119 do szpitala w \u00cdsafj\u00f6r\u00f0ur s\u0105 poza tym systemem i s\u0105 sk\u0142adane przez lekarza.<\/p>\n\n\n\n<p>Dla ka\u017cdego okr\u0119gu zdrowia dzia\u0142a specjalna komisja. Elsa Magn\u00fasd\u00f3ttir (elsa.magnusdottir@hvest.is), piel\u0119gniarka zajmuj\u0105ca si\u0119 opiek\u0105 domow\u0105 w \u00cdsafj\u00f6r\u00f0ur, jest osob\u0105 kontaktow\u0105 komitetu w Vestfj\u00f6r\u00f0ur.<\/p>\n\n\n\n<p>W sk\u0142ad komitetu wchodz\u0105:<\/p>\n\n\n\n<ul class=\"wp-block-list\">\n<li>Elsa Magn\u00fasd\u00f3ttir, piel\u0119gniarka w Centrum Zdrowia Vestfj\u00f6r\u00f0ur, przewodnicz\u0105ca<\/li>\n\n\n\n<li>Margr\u00e9t Geirsd\u00f3ttir departament opieki spo\u0142ecznej \u00cdsafjar\u00f0arb\u00e6r<\/li>\n\n\n\n<li>J\u00f3n Eyj\u00f3lfur J\u00f3nsson, geriatra w Landsp\u00edtala<\/li>\n<\/ul>\n\n\n\n<p>Co do zasady przyjmuje si\u0119, \u017ce od momentu otrzymania przez komisj\u0119 wniosku o ocen\u0119 umiej\u0119tno\u015bci i stanu zdrowia lub okresu odpoczynku do momentu poznania wyniku nie minie wi\u0119cej ni\u017c 5-6 tygodni.<\/p>\n\n\n\n<p>Wynik oceny komisji og\u0142aszany jest na pi\u015bmie, gdy jest dost\u0119pny.<\/p>\n\n\n\n<p>Formularz zg\u0142oszeniowy mo\u017cna znale\u017a\u0107 pod adresem <a href=\"https:\/\/island.is\/faerni-og-heilsumat\">stronie internetowej Krajowej Izby Lekarskiej<\/a>. Prosz\u0119 zwr\u00f3ci\u0107 uwag\u0119, \u017ce adres instytucji jest wpisany b\u0142\u0119dnie na dole wniosku, najlepiej wys\u0142a\u0107 go do Elsy Magn\u00fasd\u00f3ttir w Instytucie Zdrowia Vestfj\u00f6r\u00f0ur, Torfnesi, 400 \u00cdsafj\u00f6r\u00f0ur.<\/p>\n\n\n\n<p><\/p>","protected":false},"excerpt":{"rendered":"<p>Ocena umiej\u0119tno\u015bci i zdrowia to profesjonalna i zindywidualizowana ocena potrzeb danej osoby w zakresie sta\u0142ego pobytu w domach opieki i domach opieki. Ocena jest standaryzowana wraz z okre\u015blonymi informacjami ze s\u0142u\u017cb zdrowia i socjalnych oraz biura regionalnego. <a href=\"https:\/\/hvest.is\/pl\/faerni-og-heilsumatsnefnd-vestfjarda\/\">Wi\u0119cej &gt;<\/a><\/p>","protected":false},"author":1,"featured_media":0,"parent":0,"menu_order":0,"comment_status":"closed","ping_status":"closed","template":"","meta":{"_lmt_disableupdate":"no","_lmt_disable":"no","cybocfi_hide_featured_image":"","footnotes":""},"class_list":["post-1416","page","type-page","status-publish","hentry"],"_links":{"self":[{"href":"https:\/\/hvest.is\/pl\/wp-json\/wp\/v2\/pages\/1416","targetHints":{"allow":["GET"]}}],"collection":[{"href":"https:\/\/hvest.is\/pl\/wp-json\/wp\/v2\/pages"}],"about":[{"href":"https:\/\/hvest.is\/pl\/wp-json\/wp\/v2\/types\/page"}],"author":[{"embeddable":true,"href":"https:\/\/hvest.is\/pl\/wp-json\/wp\/v2\/users\/1"}],"replies":[{"embeddable":true,"href":"https:\/\/hvest.is\/pl\/wp-json\/wp\/v2\/comments?post=1416"}],"version-history":[{"count":0,"href":"https:\/\/hvest.is\/pl\/wp-json\/wp\/v2\/pages\/1416\/revisions"}],"wp:attachment":[{"href":"https:\/\/hvest.is\/pl\/wp-json\/wp\/v2\/media?parent=1416"}],"curies":[{"name":"wp","href":"https:\/\/api.w.org\/{rel}","templated":true}]}}

Komitet ds. Oceny Umiejętności i Zdrowia Vestfjörður

<p>Ocena umiejętności i stanu zdrowia to profesjonalna i indywidualna ocena potrzeb osób do stałego pobytu w domach opieki i domach pomocy społecznej. Ocena jest standaryzowana wraz z określonymi informacjami ze służby zdrowia i opieki społecznej oraz z regionalnego urzędu ds. osób niepełnosprawnych, a także odpowiednio z zaświadczeniami lekarskimi od lekarza. Ocenę umiejętności i stanu zdrowia przeprowadza się również w przypadku czasowego pobytu wypoczynkowego w domu pomocy społecznej. </p>



<p>Przyjęcia na wypoczynek i rehabilitację do szpitala w Ísafjörður są poza tym systemem i są składane przez lekarza.</p>



<p>Dla każdego okręgu zdrowia działa specjalna komisja. Elsa Magnúsdóttir (elsa.magnusdottir@hvest.is), pielęgniarka zajmująca się opieką domową w Ísafjörður, jest osobą kontaktową komitetu w Vestfjörður.</p>



<p>W skład komitetu wchodzą:</p>



<ul class="wp-block-list">
<li>Elsa Magnúsdóttir, pielęgniarka w Centrum Zdrowia Vestfjörður, przewodnicząca</li>



<li>Margrét Geirsdóttir departament opieki społecznej Ísafjarðarbær</li>



<li>Jón Eyjólfur Jónsson, geriatra w Landspítala</li>
</ul>



<p>Co do zasady przyjmuje się, że od momentu otrzymania przez komisję wniosku o ocenę umiejętności i stanu zdrowia lub okresu odpoczynku do momentu poznania wyniku nie minie więcej niż 5-6 tygodni.</p>



<p>Wynik oceny komisji ogłaszany jest na piśmie, gdy jest dostępny.</p>



<p>Formularz zgłoszeniowy można znaleźć pod adresem <a href="https://island.is/faerni-og-heilsumat">stronie internetowej Krajowej Izby Lekarskiej</a>. Proszę zwrócić uwagę, że adres instytucji jest wpisany błędnie na dole wniosku, najlepiej wysłać go do Elsy Magnúsdóttir w Instytucie Zdrowia Vestfjörður, Torfnesi, 400 Ísafjörður.</p>



<p></p>

<p>Ocena umiejętności i zdrowia to profesjonalna i zindywidualizowana ocena potrzeb danej osoby w zakresie stałego pobytu w domach opieki i domach opieki. Ocena jest standaryzowana wraz z określonymi informacjami ze służb zdrowia i socjalnych oraz biura regionalnego. <a href="https://hvest.is/pl/faerni-og-heilsumatsnefnd-vestfjarda/">Więcej &gt;</a></p>
